rs of q(2)?
2, 5, 7
List the prime factors of 764/36 + (-6)/27.
3, 7
What are the prime factors of (-2)/2 - -1 - (-73 + 1)?
2, 3
Let u(m) = -m**2 + 17*m - 6. List the prime factors of u(14).
2, 3
Let y(h) = h**3 + 7*h**2 - 7*h + 5. Let s be y(-7). Let c be s/(-30) - 2/10. List the prime factors of ((-5)/c)/(-5)*-20.
2, 5
Let r = 72 + -35. What are the prime factors of r?
37
Let v(u) = u**2 - 3*u + 1. Let d = 8 + -13. Let j = 9 + d. What are the prime factors of v(j)?
5
Suppose 9 = 4*a - 11. Let h be (6/5)/((-4)/(-40)). Let l = h + a. List the prime factors of l.
17
Suppose 47 - 268 = -17*h. List the prime factors of h.
13
Let t(k) = k**2 + 2*k - 7. Let j be t(5). Suppose 0 = m - 3*m + j. What are the prime factors of m?
2, 7
Let a(h) = h**3 + 14*h**2 + 12*h - 11. Let f(i) = -4*i**2 + 3*i - 3. Let b be f(2). What are the prime factors of a(b)?
2
Suppose 2*k = 3*k + 38. Let y = -17 - k. List the prime factors of y.
3, 7
Suppose -2*z = -5*z - 15, 4*g + 5*z = -13. What are the prime factors of 12/g*-1 + 52?
2, 3
Let h be 1/(-8) - (-97)/8. Let k = h - 4. List the prime factors of k.
2
Suppose -2*b + 34 = -4*d - 14, 29 = -3*d + 5*b. Let o = d + 22. What are the prime factors of o?
3
Let r = 127 + -67. Suppose -4*h + 3*v + 9 + 8 = 0, 5*h + 4*v - r = 0. What are the prime factors of h?
2
Let v = 54 + -35. List the prime factors of v.
19
Let w(i) = 13*i**2 + 7*i + 15. List the prime factors of w(-5).
5, 61
Let c(v) = v**3 + 11*v**2 + 8*v - 10. Let a be c(-7). Suppose 2*n + 2*t + t = 127, 2*n + 2*t = a. Suppose 0 = -p + 5*p - n. What are the prime factors of p?
17
Let v(s) = -2*s - 9. Let w be v(-10). Suppose -2*m + w = -23. What are the prime factors of m?
17
Let z = -14 - -10. Let i(w) = 2*w + w**2 + 0*w - 2 + 0*w. What are the prime factors of i(z)?
2, 3
Suppose 3*w - 307 = -k, -3*w = -0*w - 3*k - 291. What are the prime factors of w?
101
Let t(g) = g - 2 + g**3 + g - 4*g + 8*g**2. Let o be t(-8). Suppose -2*k + 0*k + o = 0. List the prime factors of k.
7
Suppose 2 = 3*f + 5. What are the prime factors of (f + 3)/(3/18)?
2, 3
Let x be 1/((-3)/(15*-5)). Suppose -o - x = 4*u - 64, 3*o + u = 106. Let q = 49 - o. What are the prime factors of q?
2, 7
Let o(w) = 3*w**2 + 2 - 3*w**2 + 3*w + 11*w**2. What are the prime factors of o(-1)?
2, 5
Suppose 4*m = 3*m. Let w be 4*(m/2 - -1). List the prime factors of 4/w + 6 + 1.
2
Let p(t) = -2 - 5 + 2 + 0 - t. List the prime factors of p(-9).
2
Suppose 0 = -p + 2*p. What are the prime factors of p - 2 - (-1 + -3)?
2
Suppose -75 + 728 = 2*p + 5*l, -2*l = 3*p - 963. List the prime factors of p.
11, 29
Suppose x + 161 = 4*v, -2*v + 3*x + 2*x = -103. List the prime factors of v.
3, 13
Suppose 3*q + 2*q = 3*p + 290, -3*p = 3*q - 198. What are the prime factors of q?
61
Let r(h) = -h**2 - 9 - 8 - 14*h + 9*h - 15*h. List the prime factors of r(-15).
2, 29
Let d(c) = c**2 - 5*c - 10. Let o be d(7). Suppose -8 - o = -m. List the prime factors of m.
2, 3
Let k(o) = 6 + 6 + 0*o - o. Let t be k(0). Suppose 2*c = -c + t. What are the prime factors of c?
2
Let c be 0/(1 - 3) - 44. Let t be 5/(-2)*c/2. Suppose 4*p + 2*o - 76 = -32, 5*p - 3*o - t = 0. What are the prime factors of p?
11
Let j = -9 - -18. What are the prime factors of 6/j*(3 + 0)?
2
Let j(v) = -v**3 - 10*v**2 - 2*v + 1. What are the prime factors of j(-10)?
3, 7
Suppose 6*f - 12 = -2*q + 3*f, 0 = -4*q - 4*f + 16. Suppose 2*r - 5*g - 6 = q, 1 + 0 = r - 3*g. List the prime factors of r.
13
Let a be (11 + -2 - -4) + 2. Let q = -7 + a. What are the prime factors of q?
2
Let b(r) = r - 4. Let u be b(4). Let p be 9/(-4)*(-4)/1. Let s = u + p. List the prime factors of s.
3
Let u(t) = -3*t - 20. Let o be u(-8). Suppose 2*a - o*a = -62. What are the prime factors of a?
31
Let i(g) = 7*g - 2. Let u be i(2). Let b(l) = 2*l - 2. Let f be b(-3). Let o = f + u. What are the prime factors of o?
2
Let y be -3 - 14*(-14)/4. Suppose 3*d = -4*u + 50, y = 2*u - d + 16. List the prime factors of u.
2, 7
Suppose 0 = l + 3*l - 4. Suppose -3*i + l = 2*o - 16, -5 = -5*o. Suppose -4*s + i*r = 9 - 89, -4*s = -4*r - 80. List the prime factors of s.
2, 5
Suppose -3*z - t - 16 = 1, -4*t - 23 = 3*z. Let r(h) = h**2 + 2*h - 7. Let c be r(z). Let d = c + 1. List the prime factors of d.
3
Let g = 9 - -2. What are the prime factors of g?
11
Let f(r) = -6*r**3 - r**2 + 1. Let w be f(-1). List the prime factors of 6/9 - (-38)/w.
7
Suppose -3*x + 4*x = 98. What are the prime factors of x?
2, 7
Suppose 0 = -4*t + 20, 3*t = -5*a - 0*t + 170. What are the prime factors of a?
31
Let c(s) = -s - 1 - s - 2*s**2 - 10*s**3 + 2*s**3 - s**3. Let o be c(-1). Suppose -4*t - 2*j + 28 = o, 5*t - 25 = 3*j. What are the prime factors of t?
5
Let v be (-24)/4*4/6. Let p be 63 + -1 + 2 + v. Suppose -3*k = -4*k - 5, -2*k - p = -5*c. What are the prime factors of c?
2, 5
Let y = 44 - 9. What are the prime factors of y?
5, 7
Suppose -2*n = -0*n. Suppose 4*p = 3*j - 58, -4*j + 2*p + 3*p + 77 = n. What are the prime factors of j?
2, 3
Suppose u - 2*d + 15 = 2*u, -4*u = 4*d - 44. What are the prime factors of u?
7
Suppose m - 4*m + 4*v - 73 = 0, -33 = m + 3*v. Let f = 8 - m. List the prime factors of f.
5, 7
Let w be (-2)/(-7) + 860/28. Suppose -w = -2*p + 7. List the prime factors of p.
19
Let w = 0 + 2. Suppose w*p - c - 78 = 3*c, 3*c = p - 44. List the prime factors of p.
29
Suppose -940 = -10*c - 360. What are the prime factors of c?
2, 29
Let t = 74 + -39. What are the prime factors of t?
5, 7
Suppose -2 + 11 = i - 4*r, -3*i - 4*r + 11 = 0. Suppose -i*w = -v - 0*v + 28, -3*v + 106 = -4*w. List the prime factors of v.
2, 19
Let s(n) = -n**3 + 13*n**2 + 8*n + 7. What are the prime factors of s(12)?
13, 19
List the prime factors of (-7705)/115*(0 - -1)*-5.
5, 67
Let n be (90/(-8))/((-9)/48). Let h = n + -36. List the prime factors of h.
2, 3
Let p(n) = 5*n + 1. Let g be p(7). Suppose 2*x - 12 = g. What are the prime factors of x?
2, 3
Suppose -2*o - 2*n + 60 = 0, -3*n + 3 - 69 = -3*o. Suppose 4*q - 40 = 4*k + 12, -2*k = 2*q - o. List the prime factors of q.
13
Let x = 9 - 6. Let c be (-22)/4*-6 + x. Suppose 2*t - c = -t. List the prime factors of t.
2, 3
Let v(q) = 20*q**3 + 1. What are the prime factors of v(1)?
3, 7
Let h = 9 + -5. What are the prime factors of -1 + (-2)/(h/(-6))?
2
Let l = -11 + 31. Suppose 2*g = -0*g - 2*o + l, 0 = -5*g + o + 32. What are the prime factors of g?
7
Let g = -6 + 2. Let c(z) = z + 57 - 21 - 32 + z**2. What are the prime factors of c(g)?
2
Suppose -2*o - 102 = -4*o. Let g = -12 + o. List the prime factors of g.
3, 13
Let a = -61 + 94. List the prime factors of a.
3, 11
Let g = 26 - -108. What are the prime factors of g?
2, 67
Suppose 2*d + 4*i = 5*d + 13, d - 5 = -i. Let q be 2 - (d - -3) - -5. Suppose -3*l + 25 = -o - q, 2*l - 17 = o. List the prime factors of l.
11
Suppose 0 = -7*o + 4*o. Let f(l) = 2 + o*l + l + 0*l. What are the prime factors of f(0)?
2
Suppose 10*a - 6*a = 3*c - 857, 2*c = -2*a + 590. List the prime factors of c.
3, 97
Let f(v) be the first derivative of -v**3/3 - 7*v**2/2 + 5*v - 1. Let k be f(-7). Suppose k*d + j - 5*j = 2, 5*j - 12 = -d. List the prime factors of d.
2
Let i = -52 + 83. What are the prime factors of i?
31
Suppose 0 = -3*q - 3*h + 90, 0*h + 5*h = 5*q - 150. Suppose 78 + q = 4*l. Suppose -4*b + l = -29. List the prime factors of b.
2, 7
Let v = -41 - -113. Suppose -v = -2*s - 4*b, -2*s - 2*b - 1 + 79 = 0. List the prime factors of s.
2, 3, 7
Let b(q) = -7*q + 1. Suppose 5 = 4*p + 1. Let t be b(p). Let k = t + 9. What are the prime factors of k?
3
Let w(n) = n**2 - 2*n + 1. Suppose -5*c = -17 - 13. List the prime factors of w(c).
5
Let r = -40 - -74. List the prime factors of r.
2, 17
Suppose -4*f + 13 + 5 = 2*t, f = -5*t + 18. Let y = f + 5. List the prime factors of y.
2
Suppose 3*p - 614 = 5*f, 5*f - f = 5*p - 1045. List the prime factors of p.
3, 71
Let p(u) = u + 15. What are the prime factors of p(14)?
29
Let y(u) = -111*u**2 - 3*u + 4. Let z be y(3). What are the prime factors of z/(-44) - (-2)/11?
23
List the prime factors of ((-36)/20)/((-9)/30).
2, 3
Suppose 2*x = -x + 12. Suppose 0 = 2*y - 4, -3 - 17 = -x*q - 2*y. List the prime factors of q.
2
Let l(w) = -2*w**3 + 2*w + 2. List the prime factors of l(-2).
2, 7
What are the prime facto